{"id":387,"date":"2020-08-24T09:03:25","date_gmt":"2020-08-24T09:03:25","guid":{"rendered":"http:\/\/stimulastik.dk\/?page_id=387"},"modified":"2022-10-19T05:39:48","modified_gmt":"2022-10-19T05:39:48","slug":"nordjylland","status":"publish","type":"page","link":"https:\/\/stimulastik.dk\/?page_id=387","title":{"rendered":"Nordjylland"},"content":{"rendered":"\n<figure class=\"wp-block-table is-style-stripes\"><table><thead><tr><th>Adresse<\/th><th>Beskrivelse<\/th><th>Kontakt info<\/th><\/tr><\/thead><tbody><tr><td>HosL\u00f8vel Helse og Fodklinik.<br>Salen<br>Tinggade 23<br>L\u00f8vel, 8830 Tjele<\/td><td>Med sjove lege og \u00f8velser, har Stimulastik\u00ae fokus p\u00e5 at underst\u00f8tte dit barns naturlige motoriske udvikling, kognition og jeres gode relation, der er vigtige grundpiller for senere optimal udvikling af bl.a. koncentration, l\u00e6sef\u00e6rdigheder og trivsel.<br>Vi gennemg\u00e5r forskellige temaer indenfor barnets motoriske udvikling, og bygger 1-2 nye \u00f8velser p\u00e5 hver gang, som i for\u00e6ldre kan forts\u00e6tte med sammen med barnet hjemme.<br>Stimulastikgrupperne er alderesopdelte fra 3-6 m\u00e5neder og 7-10 m\u00e5neder, g\u00e5r over 5 gange \u00e1 1 time og udf\u00f8res af ergoterapeut og stimulastikinstrukt\u00f8r Lene Kors\u00e5sen.<\/td><td>Lene Kors\u00e5sen<br>granli.velvaere@gmail.com<br>53 43 33 07<br>https:\/\/www.granlivelvaere.dk\/<\/td><\/tr><tr><td><br><br><br><br><\/td><td><\/td><td><br><br><br><br><\/td><\/tr><tr><td><\/td><td><\/td><td><\/td><\/tr><\/tbody><\/table><\/figure>\n","protected":false},"excerpt":{"rendered":"<p>Adresse Beskrivelse Kontakt info HosL\u00f8vel Helse og Fodklinik.SalenTinggade 23L\u00f8vel, 8830 Tjele Med sjove lege og \u00f8velser, har Stimulastik\u00ae fokus p\u00e5&hellip;<\/p>\n","protected":false},"author":3,"featured_media":0,"parent":0,"menu_order":0,"comment_status":"closed","ping_status":"closed","template":"","meta":{"_expiration-date-status":"","_expiration-date":1666150620,"_expiration-date-type":"draft","_expiration-date-categories":[],"_expiration-date-options":[]},"acf":[],"_links":{"self":[{"href":"https:\/\/stimulastik.dk\/index.php?rest_route=\/wp\/v2\/pages\/387"}],"collection":[{"href":"https:\/\/stimulastik.dk\/index.php?rest_route=\/wp\/v2\/pages"}],"about":[{"href":"https:\/\/stimulastik.dk\/index.php?rest_route=\/wp\/v2\/types\/page"}],"author":[{"embeddable":true,"href":"https:\/\/stimulastik.dk\/index.php?rest_route=\/wp\/v2\/users\/3"}],"replies":[{"embeddable":true,"href":"https:\/\/stimulastik.dk\/index.php?rest_route=%2Fwp%2Fv2%2Fcomments&post=387"}],"version-history":[{"count":9,"href":"https:\/\/stimulastik.dk\/index.php?rest_route=\/wp\/v2\/pages\/387\/revisions"}],"predecessor-version":[{"id":464,"href":"https:\/\/stimulastik.dk\/index.php?rest_route=\/wp\/v2\/pages\/387\/revisions\/464"}],"wp:attachment":[{"href":"https:\/\/stimulastik.dk\/index.php?rest_route=%2Fwp%2Fv2%2Fmedia&parent=387"}],"curies":[{"name":"wp","href":"https:\/\/api.w.org\/{rel}","templated":true}]}}